{"id":462,"date":"2021-07-16T13:48:10","date_gmt":"2021-07-16T11:48:10","guid":{"rendered":"http:\/\/itproman.pl\/?page_id=462"},"modified":"2024-11-02T14:08:22","modified_gmt":"2024-11-02T13:08:22","slug":"audyt-procesow-firmy","status":"publish","type":"page","link":"https:\/\/itproman.pl\/index.php\/audyt-procesow-firmy\/","title":{"rendered":"Audyt Proces\u00f3w Firmy"},"content":{"rendered":"\t\t<div data-elementor-type=\"wp-page\" data-elementor-id=\"462\" class=\"elementor elementor-462\" data-elementor-post-type=\"page\">\n\t\t\t\t\t\t<section class=\"elementor-section elementor-top-section elementor-element elementor-element-511ffd2 elementor-section-height-min-height elementor-section-items-bottom elementor-section-content-bottom elementor-section-boxed elementor-section-height-default\" data-id=\"511ffd2\" data-element_type=\"section\" data-e-type=\"section\" data-settings=\"{&quot;background_background&quot;:&quot;classic&quot;}\">\n\t\t\t\t\t\t<div class=\"elementor-container elementor-column-gap-default\">\n\t\t\t\t\t<div class=\"elementor-column elementor-col-100 elementor-top-column elementor-element elementor-element-ec812f5\" data-id=\"ec812f5\" data-element_type=\"column\" data-e-type=\"column\">\n\t\t\t<div class=\"elementor-widget-wrap elementor-element-populated\">\n\t\t\t\t\t\t<section class=\"elementor-section elementor-inner-section elementor-element elementor-element-a2b40c3 elementor-section-boxed elementor-section-height-default elementor-section-height-default\" data-id=\"a2b40c3\" data-element_type=\"section\" data-e-type=\"section\">\n\t\t\t\t\t\t<div class=\"elementor-container elementor-column-gap-default\">\n\t\t\t\t\t<div class=\"elementor-column elementor-col-100 elementor-inner-column elementor-element elementor-element-d2202c7\" data-id=\"d2202c7\" data-element_type=\"column\" data-e-type=\"column\" data-settings=\"{&quot;background_background&quot;:&quot;classic&quot;}\">\n\t\t\t<div class=\"elementor-widget-wrap elementor-element-populated\">\n\t\t\t\t\t\t<div class=\"elementor-element elementor-element-e9b7ccd elementor-widget elementor-widget-heading\" data-id=\"e9b7ccd\" data-element_type=\"widget\" data-e-type=\"widget\" data-widget_type=\"heading.default\">\n\t\t\t\t<div class=\"elementor-widget-container\">\n\t\t\t\t\t<h1 class=\"elementor-heading-title elementor-size-default\">AUDYT PROCES\u00d3W FIRMY<\/h1>\t\t\t\t<\/div>\n\t\t\t\t<\/div>\n\t\t\t\t<div class=\"elementor-element elementor-element-fd2a8c6 elementor-widget elementor-widget-heading\" data-id=\"fd2a8c6\" data-element_type=\"widget\" data-e-type=\"widget\" data-widget_type=\"heading.default\">\n\t\t\t\t<div class=\"elementor-widget-container\">\n\t\t\t\t\t<h1 class=\"elementor-heading-title elementor-size-default\">Optymalizacja dzia\u0142a\u0144 i identyfikacja obszar\u00f3w do poprawy<\/h1>\t\t\t\t<\/div>\n\t\t\t\t<\/div>\n\t\t\t\t\t<\/div>\n\t\t<\/div>\n\t\t\t\t\t<\/div>\n\t\t<\/section>\n\t\t\t\t\t<\/div>\n\t\t<\/div>\n\t\t\t\t\t<\/div>\n\t\t<\/section>\n\t\t\t\t<section class=\"elementor-section elementor-top-section elementor-element elementor-element-7943d55 elementor-section-boxed elementor-section-height-default elementor-section-height-default\" data-id=\"7943d55\" data-element_type=\"section\" data-e-type=\"section\">\n\t\t\t\t\t\t<div class=\"elementor-container elementor-column-gap-default\">\n\t\t\t\t\t<div class=\"elementor-column elementor-col-100 elementor-top-column elementor-element elementor-element-447804b\" data-id=\"447804b\" data-element_type=\"column\" data-e-type=\"column\">\n\t\t\t<div class=\"elementor-widget-wrap elementor-element-populated\">\n\t\t\t\t\t\t<section class=\"elementor-section elementor-inner-section elementor-element elementor-element-61bf359 elementor-section-boxed elementor-section-height-default elementor-section-height-default\" data-id=\"61bf359\" data-element_type=\"section\" data-e-type=\"section\">\n\t\t\t\t\t\t<div class=\"elementor-container elementor-column-gap-default\">\n\t\t\t\t\t<div class=\"elementor-column elementor-col-50 elementor-inner-column elementor-element elementor-element-7b88af7\" data-id=\"7b88af7\" data-element_type=\"column\" data-e-type=\"column\">\n\t\t\t<div class=\"elementor-widget-wrap elementor-element-populated\">\n\t\t\t\t\t\t<div class=\"elementor-element elementor-element-a4cc5f3 elementor-widget elementor-widget-text-editor\" data-id=\"a4cc5f3\" data-element_type=\"widget\" data-e-type=\"widget\" data-widget_type=\"text-editor.default\">\n\t\t\t\t<div class=\"elementor-widget-container\">\n\t\t\t\t\t\t\t\t\t<p>W dynamicznie zmieniaj\u0105cym si\u0119 \u015brodowisku biznesowym firmy musz\u0105 stale dostosowywa\u0107 swoje procesy, aby zapewni\u0107 efektywno\u015b\u0107 oraz konkurencyjno\u015b\u0107. <b>Audyt proces\u00f3w<\/b> to narz\u0119dzie, kt\u00f3re pomaga firmom w ocenie bie\u017c\u0105cych dzia\u0142a\u0144 i optymalizacji ich pod k\u0105tem wydajno\u015bci. Dowiedz si\u0119, jakie korzy\u015bci mo\u017ce przynie\u015b\u0107 przeprowadzenie audytu oraz jak wygl\u0105da ca\u0142y proces.<\/p><p><b>\u00a0<\/b><\/p><p><b>Czym jest audyt proces\u00f3w?<\/b><\/p><p><b>Audyt proces\u00f3w<\/b> to systematyczna i obiektywna analiza wewn\u0119trznych dzia\u0142a\u0144 firmy. W przeciwie\u0144stwie do standardowych kontroli, audyt koncentruje si\u0119 na doskonaleniu proces\u00f3w, wskazuj\u0105c s\u0142abe i mocne strony. Mo\u017ce dotyczy\u0107 takich obszar\u00f3w jak produkcja, logistyka, zarz\u0105dzanie zasobami ludzkimi, sprzeda\u017c czy finanse<\/p><p>\u00a0<\/p>\t\t\t\t\t\t\t\t<\/div>\n\t\t\t\t<\/div>\n\t\t\t\t\t<\/div>\n\t\t<\/div>\n\t\t\t\t<div class=\"elementor-column elementor-col-50 elementor-inner-column elementor-element elementor-element-3c5f444\" data-id=\"3c5f444\" data-element_type=\"column\" data-e-type=\"column\">\n\t\t\t<div class=\"elementor-widget-wrap elementor-element-populated\">\n\t\t\t\t\t\t<div class=\"elementor-element elementor-element-9b97f02 elementor-widget elementor-widget-image\" data-id=\"9b97f02\" data-element_type=\"widget\" data-e-type=\"widget\" data-widget_type=\"image.default\">\n\t\t\t\t<div class=\"elementor-widget-container\">\n\t\t\t\t\t\t\t\t\t\t\t\t\t\t\t<img fetchpriority=\"high\" decoding=\"async\" width=\"1024\" height=\"1024\" src=\"https:\/\/itproman.pl\/wp-content\/uploads\/2024\/11\/DALL\u00b7E-2024-11-02-13.33.37-In-a-conference-room-six-people-sit-around-a-table-attentively-looking-at-a-whiteboard.-At-the-front-a-blonde-woman-stands-holding-a-black-marker.webp\" class=\"attachment-full size-full wp-image-553\" alt=\"\" srcset=\"https:\/\/itproman.pl\/wp-content\/uploads\/2024\/11\/DALL\u00b7E-2024-11-02-13.33.37-In-a-conference-room-six-people-sit-around-a-table-attentively-looking-at-a-whiteboard.-At-the-front-a-blonde-woman-stands-holding-a-black-marker.webp 1024w, https:\/\/itproman.pl\/wp-content\/uploads\/2024\/11\/DALL\u00b7E-2024-11-02-13.33.37-In-a-conference-room-six-people-sit-around-a-table-attentively-looking-at-a-whiteboard.-At-the-front-a-blonde-woman-stands-holding-a-black-marker-300x300.webp 300w, https:\/\/itproman.pl\/wp-content\/uploads\/2024\/11\/DALL\u00b7E-2024-11-02-13.33.37-In-a-conference-room-six-people-sit-around-a-table-attentively-looking-at-a-whiteboard.-At-the-front-a-blonde-woman-stands-holding-a-black-marker-150x150.webp 150w, https:\/\/itproman.pl\/wp-content\/uploads\/2024\/11\/DALL\u00b7E-2024-11-02-13.33.37-In-a-conference-room-six-people-sit-around-a-table-attentively-looking-at-a-whiteboard.-At-the-front-a-blonde-woman-stands-holding-a-black-marker-768x768.webp 768w\" sizes=\"(max-width: 1024px) 100vw, 1024px\" style=\"width:100%;height:100%;max-width:1024px\" \/>\t\t\t\t\t\t\t\t\t\t\t\t\t\t\t<\/div>\n\t\t\t\t<\/div>\n\t\t\t\t\t<\/div>\n\t\t<\/div>\n\t\t\t\t\t<\/div>\n\t\t<\/section>\n\t\t\t\t<div class=\"elementor-element elementor-element-f1b7af2 elementor-widget elementor-widget-heading\" data-id=\"f1b7af2\" data-element_type=\"widget\" data-e-type=\"widget\" data-widget_type=\"heading.default\">\n\t\t\t\t<div class=\"elementor-widget-container\">\n\t\t\t\t\t<h2 class=\"elementor-heading-title elementor-size-default\">Kluczowe etapy audytu proces\u00f3w<\/h2>\t\t\t\t<\/div>\n\t\t\t\t<\/div>\n\t\t\t\t\t<\/div>\n\t\t<\/div>\n\t\t\t\t\t<\/div>\n\t\t<\/section>\n\t\t\t\t<section class=\"elementor-section elementor-top-section elementor-element elementor-element-a1a7be0 elementor-section-boxed elementor-section-height-default elementor-section-height-default\" data-id=\"a1a7be0\" data-element_type=\"section\" data-e-type=\"section\">\n\t\t\t\t\t\t<div class=\"elementor-container elementor-column-gap-default\">\n\t\t\t\t\t<div class=\"elementor-column elementor-col-100 elementor-top-column elementor-element elementor-element-9ab88a6\" data-id=\"9ab88a6\" data-element_type=\"column\" data-e-type=\"column\">\n\t\t\t<div class=\"elementor-widget-wrap elementor-element-populated\">\n\t\t\t\t\t\t<div class=\"elementor-element elementor-element-0364bf4 elementor-widget elementor-widget-text-editor\" data-id=\"0364bf4\" data-element_type=\"widget\" data-e-type=\"widget\" data-widget_type=\"text-editor.default\">\n\t\t\t\t<div class=\"elementor-widget-container\">\n\t\t\t\t\t\t\t\t\t<p>Proces audytu w firmie jest z\u0142o\u017conym przedsi\u0119wzi\u0119ciem, kt\u00f3re wymaga starannego planowania i wykonania. W pierwszej fazie kluczowe jest zrozumienie specyfiki firmy, jej proces\u00f3w oraz cel\u00f3w, jakie ma spe\u0142nia\u0107 audyt. Przygotowanie stanowi fundament audytu, gdy\u017c obejmuje analiz\u0119 aktualnych danych, weryfikacj\u0119 istniej\u0105cych standard\u00f3w i przyj\u0119tych procedur. To etap, kt\u00f3ry pozwala audytorom zrozumie\u0107, na czym powinni si\u0119 skupi\u0107, jakie wska\u017aniki analizowa\u0107, oraz jakie obszary firmy potrzebuj\u0105 szczeg\u00f3lnej uwagi.<\/p><p>\u00a0<\/p><p>Nast\u0119pnie audytorzy przyst\u0119puj\u0105 do gromadzenia szczeg\u00f3\u0142owych informacji. Ten proces mo\u017ce obejmowa\u0107 zar\u00f3wno analiz\u0119 dokument\u00f3w, jak i bezpo\u015bredni\u0105 obserwacj\u0119 dzia\u0142a\u0144 firmy, rozmowy z pracownikami, a nawet symulacje r\u00f3\u017cnych sytuacji. Wa\u017cne jest, aby nie tylko zgromadzi\u0107 wszystkie niezb\u0119dne dane, ale tak\u017ce zweryfikowa\u0107 ich jako\u015b\u0107 i zgodno\u015b\u0107 z realiami operacyjnymi. W tej cz\u0119\u015bci audytu szczeg\u00f3lnie przydaj\u0105 si\u0119 narz\u0119dzia takie jak analiza SWOT, kt\u00f3ra pomaga oceni\u0107 mocne i s\u0142abe strony proces\u00f3w, a tak\u017ce szanse i zagro\u017cenia, z jakimi mo\u017ce si\u0119 zmierzy\u0107 organizacja.<\/p><p>\u00a0<\/p><p>Kolejnym kluczowym krokiem jest wyci\u0105gni\u0119cie wniosk\u00f3w z przeprowadzonej analizy oraz przedstawienie rekomendacji w formie raportu. Audytorzy przekszta\u0142caj\u0105 swoje spostrze\u017cenia w konkretne zalecenia, kt\u00f3re maj\u0105 na celu usprawnienie dzia\u0142a\u0144 operacyjnych. Takie rekomendacje mog\u0105 obejmowa\u0107 zmiany w strukturze procesu, wdro\u017cenie nowych narz\u0119dzi lub technologii, a tak\u017ce szkolenia dla pracownik\u00f3w. Dobrze przygotowany raport stanowi podstaw\u0119 do wdro\u017cenia dzia\u0142a\u0144 koryguj\u0105cych, kt\u00f3re maj\u0105 na celu zwi\u0119kszenie efektywno\u015bci i zgodno\u015bci proces\u00f3w firmy z jej og\u00f3lnymi celami i normami bran\u017cowymi.<\/p><p>\u00a0<\/p><p>Na zako\u0144czenie procesu audytowego nast\u0119puje implementacja rekomendacji, co wi\u0105\u017ce si\u0119 z monitorowaniem zmian i analiz\u0105 ich wp\u0142ywu na dzia\u0142alno\u015b\u0107 firmy. Uwa\u017cna obserwacja efekt\u00f3w wdro\u017conych dzia\u0142a\u0144 pozwala szybko zauwa\u017cy\u0107 wszelkie nieprzewidziane trudno\u015bci i dokona\u0107 koniecznych korekt. Ca\u0142o\u015b\u0107 procesu zamyka etap ewaluacji, w kt\u00f3rym firma mo\u017ce oceni\u0107, czy cele audytu zosta\u0142y osi\u0105gni\u0119te, i na tej podstawie przygotowa\u0107 si\u0119 do przysz\u0142ych dzia\u0142a\u0144 optymalizacyjnych.<\/p>\t\t\t\t\t\t\t\t<\/div>\n\t\t\t\t<\/div>\n\t\t\t\t<section class=\"elementor-section elementor-inner-section elementor-element elementor-element-cde09ce elementor-section-height-min-height elementor-section-boxed elementor-section-height-default\" data-id=\"cde09ce\" data-element_type=\"section\" data-e-type=\"section\" data-settings=\"{&quot;background_background&quot;:&quot;classic&quot;}\">\n\t\t\t\t\t\t<div class=\"elementor-container elementor-column-gap-default\">\n\t\t\t\t\t<div class=\"elementor-column elementor-col-100 elementor-inner-column elementor-element elementor-element-741b746\" data-id=\"741b746\" data-element_type=\"column\" data-e-type=\"column\">\n\t\t\t<div class=\"elementor-widget-wrap\">\n\t\t\t\t\t\t\t<\/div>\n\t\t<\/div>\n\t\t\t\t\t<\/div>\n\t\t<\/section>\n\t\t\t\t<div class=\"elementor-element elementor-element-6266203 elementor-widget__width-initial elementor-widget elementor-widget-heading\" data-id=\"6266203\" data-element_type=\"widget\" data-e-type=\"widget\" data-widget_type=\"heading.default\">\n\t\t\t\t<div class=\"elementor-widget-container\">\n\t\t\t\t\t<h2 class=\"elementor-heading-title elementor-size-default\">Dlaczego warto przeprowadzi\u0107 audyt proces\u00f3w?<\/h2>\t\t\t\t<\/div>\n\t\t\t\t<\/div>\n\t\t\t\t\t<\/div>\n\t\t<\/div>\n\t\t\t\t\t<\/div>\n\t\t<\/section>\n\t\t\t\t<section class=\"elementor-section elementor-top-section elementor-element elementor-element-4b980f8 elementor-section-boxed elementor-section-height-default elementor-section-height-default\" data-id=\"4b980f8\" data-element_type=\"section\" data-e-type=\"section\">\n\t\t\t\t\t\t<div class=\"elementor-container elementor-column-gap-default\">\n\t\t\t\t\t<div class=\"elementor-column elementor-col-100 elementor-top-column elementor-element elementor-element-63fb2ce\" data-id=\"63fb2ce\" data-element_type=\"column\" data-e-type=\"column\">\n\t\t\t<div class=\"elementor-widget-wrap elementor-element-populated\">\n\t\t\t\t\t\t<div class=\"elementor-element elementor-element-c513080 elementor-widget elementor-widget-text-editor\" data-id=\"c513080\" data-element_type=\"widget\" data-e-type=\"widget\" data-widget_type=\"text-editor.default\">\n\t\t\t\t<div class=\"elementor-widget-container\">\n\t\t\t\t\t\t\t\t\t<p>Audyt proces\u00f3w jest nie tylko narz\u0119dziem kontroli, ale r\u00f3wnie\u017c kluczowym elementem strategii doskonalenia organizacji. Jego warto\u015b\u0107 wynika z mo\u017cliwo\u015bci dok\u0142adnego przyjrzenia si\u0119 procesom i wskazania miejsc, kt\u00f3re mog\u0105 by\u0107 nieefektywne lub nara\u017cone na ryzyko operacyjne. Dla wielu firm, audyt jest tak\u017ce sposobem na zmniejszenie koszt\u00f3w dzia\u0142alno\u015bci \u2013 regularne przeprowadzanie takiej analizy pozwala wykry\u0107 marnotrawstwo zasob\u00f3w oraz zidentyfikowa\u0107 obszary, gdzie procesy mo\u017cna zoptymalizowa\u0107. W efekcie, organizacja nie tylko oszcz\u0119dza, ale r\u00f3wnie\u017c zwi\u0119ksza swoj\u0105 produktywno\u015b\u0107.<\/p><p>\u00a0<\/p><p>Audyt pomaga tak\u017ce zapewni\u0107 zgodno\u015b\u0107 z normami bran\u017cowymi i przepisami prawnymi, co jest szczeg\u00f3lnie istotne w firmach funkcjonuj\u0105cych w bran\u017cach regulowanych. Firmy, kt\u00f3re stosuj\u0105 si\u0119 do wymaga\u0144 norm ISO, mog\u0105 wzmocni\u0107 sw\u00f3j wizerunek jako partnera godnego zaufania, co przek\u0142ada si\u0119 na lepsze relacje z klientami i kontrahentami. Audyt pozwala na bie\u017c\u0105co dostosowywa\u0107 procesy do nowych standard\u00f3w i unika\u0107 koszt\u00f3w zwi\u0105zanych z sankcjami za niezgodno\u015bci z wymaganiami prawnymi.<\/p><p>\u00a0<\/p><p>Opr\u00f3cz aspekt\u00f3w finansowych i prawnych, audyt wp\u0142ywa pozytywnie na struktur\u0119 zarz\u0105dzania w organizacji. Regularne audyty motywuj\u0105 pracownik\u00f3w do dba\u0142o\u015bci o jako\u015b\u0107 proces\u00f3w oraz sprzyjaj\u0105 wzrostowi ich zaanga\u017cowania. Wprowadzenie ulepsze\u0144 i eliminacja przeszk\u00f3d na drodze do osi\u0105gni\u0119cia cel\u00f3w organizacji skutkuje popraw\u0105 kultury pracy i wzrostem efektywno\u015bci. Co wi\u0119cej, audyt zapewnia lepszy przep\u0142yw informacji i zwi\u0119ksza przejrzysto\u015b\u0107 dzia\u0142a\u0144, co wp\u0142ywa na lepsz\u0105 komunikacj\u0119 wewn\u0119trzn\u0105 i ogranicza ryzyko b\u0142\u0119d\u00f3w.<\/p><p>\u00a0<\/p><p>W d\u0142u\u017cszej perspektywie audyt proces\u00f3w sprzyja d\u0142ugotrwa\u0142emu rozwojowi organizacji, kt\u00f3ra dzi\u0119ki ci\u0105g\u0142emu doskonaleniu staje si\u0119 bardziej konkurencyjna. Regularne monitorowanie i dostosowywanie proces\u00f3w do zmieniaj\u0105cych si\u0119 warunk\u00f3w rynkowych pozwala firmie lepiej reagowa\u0107 na zmiany i wprowadza\u0107 innowacje, kt\u00f3re podnosz\u0105 jej pozycj\u0119 na rynku. W ten spos\u00f3b audyt stanowi nie tylko element kontroli, ale r\u00f3wnie\u017c strategiczne wsparcie w realizacji cel\u00f3w biznesowych.<\/p>\t\t\t\t\t\t\t\t<\/div>\n\t\t\t\t<\/div>\n\t\t\t\t\t<\/div>\n\t\t<\/div>\n\t\t\t\t\t<\/div>\n\t\t<\/section>\n\t\t\t\t<\/div>\n\t\t","protected":false},"excerpt":{"rendered":"<p>AUDYT PROCES\u00d3W FIRMY Optymalizacja dzia\u0142a\u0144 i identyfikacja obszar\u00f3w do poprawy W dynamicznie zmieniaj\u0105cym si\u0119 \u015brodowisku biznesowym firmy musz\u0105 stale dostosowywa\u0107 swoje procesy, aby zapewni\u0107 efektywno\u015b\u0107 oraz konkurencyjno\u015b\u0107. Audyt proces\u00f3w to narz\u0119dzie, kt\u00f3re pomaga firmom w ocenie bie\u017c\u0105cych dzia\u0142a\u0144 i optymalizacji ich pod k\u0105tem wydajno\u015bci. Dowiedz si\u0119, jakie korzy\u015bci mo\u017ce przynie\u015b\u0107 przeprowadzenie audytu oraz jak wygl\u0105da&hellip; <a class=\"more-link\" href=\"https:\/\/itproman.pl\/index.php\/audyt-procesow-firmy\/\">Czytaj dalej <span class=\"screen-reader-text\">Audyt Proces\u00f3w Firmy<\/span><\/a><\/p>\n","protected":false},"author":1,"featured_media":0,"parent":0,"menu_order":0,"comment_status":"closed","ping_status":"closed","template":"elementor_header_footer","meta":{"footnotes":""},"class_list":["post-462","page","type-page","status-publish","hentry","entry"],"jetpack_sharing_enabled":true,"_links":{"self":[{"href":"https:\/\/itproman.pl\/index.php\/wp-json\/wp\/v2\/pages\/462","targetHints":{"allow":["GET"]}}],"collection":[{"href":"https:\/\/itproman.pl\/index.php\/wp-json\/wp\/v2\/pages"}],"about":[{"href":"https:\/\/itproman.pl\/index.php\/wp-json\/wp\/v2\/types\/page"}],"author":[{"embeddable":true,"href":"https:\/\/itproman.pl\/index.php\/wp-json\/wp\/v2\/users\/1"}],"replies":[{"embeddable":true,"href":"https:\/\/itproman.pl\/index.php\/wp-json\/wp\/v2\/comments?post=462"}],"version-history":[{"count":28,"href":"https:\/\/itproman.pl\/index.php\/wp-json\/wp\/v2\/pages\/462\/revisions"}],"predecessor-version":[{"id":558,"href":"https:\/\/itproman.pl\/index.php\/wp-json\/wp\/v2\/pages\/462\/revisions\/558"}],"wp:attachment":[{"href":"https:\/\/itproman.pl\/index.php\/wp-json\/wp\/v2\/media?parent=462"}],"curies":[{"name":"wp","href":"https:\/\/api.w.org\/{rel}","templated":true}]}}